 - 8. Is j(3) a prime number?
False
Let g = -165111 + 553610. Is g a prime number?
True
Suppose z + 805 = 208. Let u = 848 + z. Is u a prime number?
True
Let i = 59 - 110. Let o be 3/9 + i/(-9). Suppose 4*r = -5*z + 9907, -o*r = 4*z - r - 7931. Is z a composite number?
False
Let q = 153201 + -87323. Is q a composite number?
True
Suppose -3*a + c + 1596 = 0, -4*a + 2*c + 2127 = c. Let f = 1287 - a. Suppose 822 = 6*h - f. Is h a prime number?
True
Let u = -7497 + 17464. Is u composite?
False
Suppose -l + 3*w = -1262, -2*w - 2515 = -2*l + w. Let q = 4 + l. Is q prime?
False
Suppose -14*c = -408 + 2. Suppose -c*z - 2763 + 98434 = 0. Is z a prime number?
True
Is 135/(-162) - 3303286/(-12) composite?
True
Let n be (-7)/(-14)*(3 + -1) - -10. Suppose 3*h = -5*p + h + n, 15 = 3*p - 3*h. Suppose 2*z - 2214 = -z - 3*y, p*y = -3. Is z a composite number?
False
Let z(a) = 2*a**2 - 8. Let n be z(-2). Suppose -g + 18454 = 4*s, 4*s - 5*s + g + 4611 = n. Is s composite?
True
Let x be 3/(-4) + 0 - 4323/(-132). Let l = x + -26. Let s = l + 1067. Is s composite?
True
Let k(l) = -326*l**3 - 17*l**2 - l - 1. Is k(-3) prime?
False
Let v be 12352/6 - (-180)/135. Let o = v - 1191. Is o composite?
True
Suppose -2*a = -3*v - 1263407, 327*v - 331*v - 1895113 = -3*a. Is a a prime number?
True
Let h(w) = -2*w + 4. Let p be h(-1). Suppose 1737 - 7443 = -p*i. Is i a composite number?
True
Suppose -4*c + 6 = 3*k, 13*c - 11*c - 2 = -2*k. Suppose -2*n = 3*u - 7889, 7888 = 2*n + c*u + u. Is n composite?
True
Let u be -192 + 101 + -1 + (-1 - 3). Is 14583/(-4)*(u/9)/8 a prime number?
True
Let u(x) = 44*x - 9. Let z be 15/(-105) - 2/(-14). Let s be -1 - 0 - -4 - z. Is u(s) prime?
False
Let c = 229 - 209. Suppose -4*y + c = 0, -3*s - y + 2388 = -995. Is s prime?
False
Let w = -90 - -178. Let q = w - 85. Suppose 5*j - 1664 = 3*z, -q*z - 159 + 481 = j. Is j a composite number?
False
Is 3/1*28/21 + 88681 + 36 a prime number?
True
Let s(y) = -2*y**3 - 6*y**2 - 2*y - 5. Let z = 16 + -13. Suppose 3*u + 11 = -z*t - 4, -u - 4*t - 2 = 0. Is s(u) a composite number?
False
Let m(v) = -44*v**3 - 5*v**2 - 8*v + 11. Let s be m(-7). Let g = s + -6143. Suppose 0 = -5*i + 4*r + 13147 + 1482, -4*r - g = -3*i. Is i composite?
True
Let o = -460765 + 715134. Is o composite?
False
Is 1*-1*2*(-5)/(120/4852572) prime?
True
Suppose -4*d = -8*d + 4. Let p be (d + 3)/(-4) + 92/(-4). Let j = 113 + p. Is j a composite number?
False
Let b(r) = -115*r**3 - 3*r**2 + 4*r - 5. Let w be b(2). Let s = 2352 + w. Is s a prime number?
True
Suppose -6*i + 5*i = t - 639, 3*t + 2*i - 1917 = 0. Suppose 176*n - t = 167*n. Is n a composite number?
False
Let x = 8491 + 39582. Is x a prime number?
True
Let s(b) = b**3 - 20*b**2 - 69*b - 3. Let i be s(35). Suppose 4*d = -3*o + 21304, 3*d - i = -0*o + 3*o. Is d prime?
True
Let o(l) = 116*l**3 - 17*l**2 - 6*l**2 + 7*l**2 - 59 - 117*l**3 + 5*l. Is o(-20) composite?
True
Is (1/(-4))/(((-39)/(-12))/13)*-48049 composite?
False
Suppose 3*u + 4132 = 4*g, 2*g - 3*u - 1933 = 139. Suppose v = g - 285. Is v a composite number?
True
Suppose -26 - 1 = -9*m. Suppose -g + 6815 = 2*d - 8006, -m*g + 14815 = 2*d. Is (d/(-8) + 3)/(2/(-4)) composite?
False
Suppose 7*i = -i + 16. Suppose i*g + 475 = h - 6*h, -3*h = -5*g + 316. Is (-3 + 0)/(3/h) prime?
True
Let p(u) = 9*u**2 + 35*u + 93. Is p(-43) a prime number?
False
Is 344773 + 3 + (5 - 7) + -3 composite?
True
Let r(k) = 42926*k**2 - 248*k - 17. Is r(-3) prime?
False
Let x(h) = 24430*h**2 - 34*h - 59. Is x(-2) composite?
False
Let h(v) = -4*v + 18. Suppose -4*z = -3*t - 34, 0 = 5*z + 5*t - 34 + 9. Let n be h(z). Is (-3735)/n - (-2)/(-4) a prime number?
True
Let n be 1/(-2)*(-12471 - 15/(-3)). Suppose -4 = -2*a - 0, 0 = 3*w - 5*a - n. Suppose 394 - w = -h. Is h a composite number?
True
Suppose 3*r + 4*l = -2*r + 12535, 10*l - 5056 = -2*r. Is r a prime number?
True
Suppose 75 = -7*w - 9. Let z(g) = 2*g**2 + 20*g + 30. Let l be z(w). Is (-1886)/(-12) + (-13)/l a composite number?
False
Suppose -2*d + 6*p - 3*p + 15 = 0, -2*p + 28 = 5*d. Let z(u) = 947*u + 17. Is z(d) a prime number?
False
Let w(j) = -78131*j**3 + j**2 - 4*j - 3. Is w(-1) prime?
False
Suppose 2 - 8 = 3*b, 5*b = 2*k - 500. Suppose -4*u = -4*s + 620, -4*s + 5 = s. Let m = k + u. Is m a prime number?
False
Suppose -6*v + 11249 = v. Suppose 0*k + 3*k - v = i, 3*k - 1595 = -5*i. Suppose -3*w + k = -722. Is w prime?
True
Suppose 23*p - 482721 - 230670 = 0. Suppose -60424 = -7*k + p. Is k composite?
False
Let j(k) be the third derivative of -k**6/120 - 2*k**5/15 - k**4/24 + 2*k**3/3 - k**2. Let z = 1753 - 1763. Is j(z) prime?
False
Let u = 27 - 18. Let n(l) be the third derivative of l**6/120 - 2*l**5/15 - l**3/3 - 101*l**2. Is n(u) composite?
False
Let h be -2 + -1 - -4*(-21)/(-14). Suppose 7585 = h*n - 2792. Is n a composite number?
True
Let u = 122798 - -4605. Is u composite?
False
Suppose 0 = 2*z - 165 - 4755. Suppose -3660 - z = 6*c. Let f = 2675 + c. Is f prime?
False
Suppose 3*b - 8637 = -2*a + 64306, -2*b - 5*a = -48614. Is b prime?
True
Let o = -220 + 226. Suppose -o*l + 3*l = -11967. Is l composite?
False
Suppose -5*s + 2*q + 1111986 = 66545, -s + 209091 = q. Is s a prime number?
True
Suppose 11474 = 2*f - 4*s, -3*s + 5 = 8. Let l = f - 3232. Is l composite?
False
Is (5 + (-176)/32)*-50972 prime?
False
Suppose -4*x + 5*h = -2523787, 90*x - 1261886 = 88*x + 4*h. Is x a prime number?
False
Suppose 4*c + 116797 = 3*o, 116832 = -424*o + 427*o + 3*c. Is o a composite number?
True
Let j(z) = -15433*z - 88. Let p be j(9). Is p/(-70) + (-7)/2 a composite number?
True
Suppose 0 = -879*p + 880*p + 4, 4*r - 5*p - 1605248 = 0. Is r prime?
False
Let q(z) = -z - 12. Let l be q(-11). Is -34*474/12*l a composite number?
True
Let r = 66697 - -606534. Is r composite?
True
Let l = -64 - -57. Let s be (-4015)/l + (-4 - (-155)/35). Let t = s - 363. Is t a prime number?
True
Suppose y + 190 - 5156 = 0. Let b = y + -2633. Is b a composite number?
False
Suppose -9 - 16 = 5*k + 4*a, -10 = 2*k - 3*a. Let j = k + 11. Suppose j*x - 66 = 48. Is x prime?
True
Suppose -u = 3*k - 101, 28 = 3*k - u - 69. Suppose 0 = k*h - 38*h + 4535. Is h a prime number?
True
Let z(i) = 633499*i**3 + 4*i**2 + 110*i - 116. Is z(1) prime?
True
Suppose -1284 = -r - 2*h, 4*r - 5689 = 3*h - 597. Let y be ((-33)/(-12) - 3)*-4. Is (1 + y)*(-4 - r/(-8)) composite?
False
Suppose -a + 3*o + 37435 - 7623 = 0, 3*a = -2*o + 89403. Suppose 5*i - a - 6232 = 0. Is i a composite number?
False
Let l(h) = 31*h**2 + 140*h + 42. Is l(-37) a prime number?
False
Suppose -f + 127817 = 14*x, 3*f + 6*x = 7*x + 383580. Is f prime?
True
Let i = -237397 + 485226. Is i composite?
False
Is (244837/(-2))/(((-2)/60)/(3/9)) prime?
False
Let a = 54 + -17. Suppose a = -3*y + 31. Is 9/((-27)/(-10914)) - 6/y a prime number?
False
Let n(y) = -2*y**3 - 10*y**2 - 27*y - 3. Let x be n(-5). Let f = 203 + x. Is f composite?
True
Let x(l) = 172*l**2 + 137*l + 19. Is x(16) a prime number?
False
Let b = 142914 - 1475. Is b a composite number?
False
Suppose l + 3*g = 212363, -l - 10*g = -151679 - 60628. Is l a prime number?
False
Is ((-4)/8)/(((-1)/8)/((-302420)/(-80))) prime?
True
Is (5/(-2)*19190466/180)/((-9)/12) composite?
False
Suppose 13*k = -8*k + 25200. Let n be 695 - (1 + 0)*0. Let l = k - n. Is l prime?
False
Let h(r) = -5463*r + 1477. Is h(-22) composite?
True
Let k(c) be the second derivative of -c**4/12 - 10*c**3/3 + 13*c**2/2 + 76*c - 4. Suppose -4*t - t = -15, z - 4*t + 30 = 0. Is k(z) prime?
False
Let p be 7925/(-2)*20/(-10). Suppose 0 = 4*j + l - 6340, 7*j - 2*j - 3*l = p. Is j a composite number?
True
Let s = 5716 + 6241. Is s prime?
False
Let o = 200 - -321. Let f = o + -122. Suppose 4*j + 71 = x, -j = 5*x + j - f. Is x prime?
True
Suppose -17*h = -20*h - 6462. Let p = h - -4657. Is p a composite number?
False
Let k(u) = 4*u**2 - 8*u - 106. Let l be k(-9). Suppose 0 = 3*h + l - 1043. Is h prime?
True
Let j(d) = 168*d**2 - 12*d - 45. Let h be j(-6). Suppose h = 7*z - 2864. Is z composite?
False
Let z(j) = 129736*j + 811. Is z(4) a prime number?
False
Is ((2 - (-14)/(-6))*1)/((-26)/31977582) a composite number?
True
Suppose 5*f - 59 = 41. Suppose -3*g - 5557 = -5*p, -5*p + 5 = -f. Let x = g - -2733. Is x prime?
False
Suppose -5*i = -3*v + 5885, 7*i - 8*i - 